 32169?
6
What is the hundreds digit of 282343?
3
What is the hundreds digit of 1398986?
9
What is the hundred thousands digit of 544995?
5
What is the ten thousands digit of 121077?
2
What is the ten thousands digit of 156805?
5
What is the tens digit of 1233782?
8
What is the millions digit of 4472119?
4
What is the ten thousands digit of 2181637?
8
What is the hundred thousands digit of 214350?
2
What is the units digit of 39070?
0
What is the ten thousands digit of 21095602?
9
What is the hundred thousands digit of 108637?
1
What is the millions digit of 3929405?
3
What is the millions digit of 2132370?
2
What is the units digit of 2243156?
6
What is the units digit of 2550354?
4
What is the tens digit of 213998?
9
What is the units digit of 753419?
9
What is the tens digit of 33329797?
9
What is the hundreds digit of 1852153?
1
What is the hundreds digit of 537927?
9
What is the thousands digit of 1686959?
6
What is the tens digit of 163247?
4
What is the ten thousands digit of 1474638?
7
What is the hundred thousands digit of 164372?
1
What is the thousands digit of 433385?
3
What is the hundred thousands digit of 3198094?
1
What is the thousands digit of 142161?
2
What is the hundred thousands digit of 172632?
1
What is the tens digit of 571222?
2
What is the ten thousands digit of 84409?
8
What is the tens digit of 749422?
2
What is the millions digit of 18797923?
8
What is the thousands digit of 253157?
3
What is the ten thousands digit of 155672?
5
What is the ten thousands digit of 7218389?
1
What is the tens digit of 21392151?
5
What is the thousands digit of 39642?
9
What is the tens digit of 4232998?
9
What is the ten millions digit of 18206883?
1
What is the tens digit of 2207714?
1
What is the thousands digit of 874744?
4
What is the hundreds digit of 22303118?
1
What is the units digit of 957787?
7
What is the units digit of 264249?
9
What is the tens digit of 389887?
8
What is the ten thousands digit of 29245565?
4
What is the ten thousands digit of 2578924?
7
What is the tens digit of 276467?
6
What is the tens digit of 17631?
3
What is the tens digit of 868807?
0
What is the thousands digit of 4547201?
7
What is the tens digit of 147430?
3
What is the units digit of 458239?
9
What is the hundred thousands digit of 964142?
9
What is the hundreds digit of 544259?
2
What is the hundreds digit of 4336906?
9
What is the thousands digit of 4668?
4
What is the tens digit of 1083884?
8
What is the hundreds digit of 3810065?
0
What is the ten millions digit of 12688088?
1
What is the hundred thousands digit of 11958291?
9
What is the hundreds digit of 550734?
7
What is the millions digit of 3147484?
3
What is the tens digit of 27448?
4
What is the thousands digit of 685406?
5
What is the ten thousands digit of 1831342?
3
What is the thousands digit of 174830?
4
What is the millions digit of 1696661?
1
What is the hundred thousands digit of 4167894?
1
What is the tens digit of 187797?
9
What is the ten millions digit of 11822928?
1
What is the hundreds digit of 1649274?
2
What is the ten thousands digit of 2468117?
6
What is the tens digit of 43050?
5
What is the ten millions digit of 10566055?
1
What is the hundreds digit of 1961245?
2
What is the units digit of 857281?
1
What is the hundred thousands digit of 110581?
1
What is the units digit of 59419?
9
What is the hundred thousands digit of 7923540?
9
What is the ten thousands digit of 300902?
0
What is the ten thousands digit of 281573?
8
What is the hundred thousands digit of 1225591?
2
What is the hundreds digit of 4706217?
2
What is the hundreds digit of 6626233?
2
What is the millions digit of 4477013?
4
What is the tens digit of 52479?
7
What is the hundreds digit of 22172080?
0
What is the hundreds digit of 23889748?
7
What is the units digit of 173266?
6
What is the units digit of 918434?
4
What is the ten thousands digit of 2962427?
6
What is the hundred thousands digit of 38728340?
7
What is the thousands digit of 442620?
2
What is the thousands digit of 326630?
6
What is the hundred thousands digit of 1974329?
9
What is the hundreds digit of 90709?
7
What is the units digit of 2591771?
1
What is the millions digit of 8859080?
8
What is the units digit of 2483594?
4
What is the thousands digit of 1046556?
6
What is the ten thousands digit of 314137?
1
What is the hundred thousands digit of 2481453?
4
What is the thousands digit of 300371?
0
What is the ten thousands digit of 132401?
3
What is the ten thousands digit of 2577177?
7
What is the hundred thousands digit of 344643?
3
What is the hundred thousands digit of 1257831?
2
What is the hundreds digit of 381112?
1
What is the units digit of 446907?
7
What is the hundreds digit of 34110978?
9
What is the units digit of 252573?
3
What is the hundred thousands digit of 131706?
1
What is the thousands digit of 510954?
0
What is the ten thousands digit of 15200104?
0
What is the tens digit of 13866594?
9
What is the hundreds digit of 3002484?
4
What is the hundreds digit of 195019?
0
What is the hundred thousands digit of 180354?
1
What is the units digit of 252350?
0
What is the hundreds digit of 625311?
3
What is the tens digit of 806349?
4
What is the millions digit of 31022185?
1
What is the hundred thousands digit of 662075?
6
What is the millions digit of 1388711?
1
What is the tens digit of 2904520?
2
What is the units digit of 5102554?
4
What is the tens digit of 2226495?
9
What is the units digit of 3468804?
4
What is the hundred thousands digit of 1330578?
3
What is the hundreds digit of 218961?
9
What is the units digit of 208697?
7
What is the tens digit of 386986?
8
What is the millions digit of 39118204?
9
What is the units digit of 7077419?
9
What is the hundreds digit of 197941?
9
What is the hundred thousands digit of 228354?
2
What is the hundred thousands digit of 1136678?
1
What is the ten thousands digit of 4944865?
4
What is the tens digit of 2824290?
9
What is the ten thousands digit of 43003?
4
What is the ten thousands digit of 2129979?
2
What is the units digit of 4054015?
5
What is the units digit of 681473?
3
What is the hundreds digit of 1150066?
0
What is the hundreds digit of 27412?
4
What is the hundreds digit of 449049?
0
What is the units digit of 4151568?
8
What is the hundred thousands digit of 14782192?
7
What is the units digit of 284605?
5
What is the thousands digit of 9707493?
7
What is the tens digit of 70018?
1
What is the units digit of 814283?
3
What is the tens digit of 2207372?
7
What is the units digit of 1455229?
9
What is the tens digit of 315401?
0
What is the units digit of 187872?
2
What is the millions digit of 34365803?
4
What is the thousands digit of 56571?
6
What is the tens digit of 544418?
1
What is the ten thousands digit of 1575557?
7
What is the hundreds digit of 286718?
7
What is the hundred thousands digit of 1105332?
1
What is the hundreds digit of 5840755?
7
What is the hundred thousands digit of 3973445?
9
What is the tens digit of 413632?
3
What is the units digit of 809626?
6
What is the units digit of 24094299?
9
What is the ten thousands digit of 1705588?
0
What is the units digit of 11893?
3
What is the thousands digit of 258558?
8
What is the tens digit of 67474?
7
What is the tens digit of 1548081?
8
What is the units digit of 561086?
6
What is the hundred thousands digit of 1136207?
1
What is the thousands digit of 1111072?
1
What is the hundred thousands digit of 10563540?
5
What is the hundred thousands digit of 7560878?
5
What is the units digit of 440851?
1
What is the units digit of 687632?
2
What is the ten thousands digit of 15992?
1
What is the hundred thousands digit of 1059909?
0
What is the ten thousands digit of 25600793?
0
What is the hundred thousands digit of 12100567?
1
What is the units digit of 300364?
4
What is the hundred thousands digit of 5331113?
3
What is the ten thousands digit of 29464527?
6
What is the thousands digit of 3888812?
8
What is the hundreds digit of 1474256?
2
What is the ten thousands digit of 2644418?
4
What is the ten thousands digit of 1145112?
4
What is the thousands digit of 200563?
0
What is the ten thousands digit of 11354842?
5
What is the tens digit of 3053672?
7
What is the millions digit of 16